the remainder when 71 is divided by 18.
17
What is the remainder when 10373 is divided by 49?
34
What is the remainder when 2095 is divided by 411?
40
Calculate the remainder when 347 is divided by 44.
39
Calculate the remainder when 1216 is divided by 48.
16
Calculate the remainder when 1239 is divided by 412.
3
What is the remainder when 5469 is divided by 76?
73
What is the remainder when 29483 is divided by 304?
299
Calculate the remainder when 305 is divided by 44.
41
What is the remainder when 2042 is divided by 204?
2
Calculate the remainder when 307 is divided by 31.
28
Calculate the remainder when 5246 is divided by 63.
17
Calculate the remainder when 301 is divided by 16.
13
Calculate the remainder when 93 is divided by 30.
3
Calculate the remainder when 6366 is divided by 18.
12
Calculate the remainder when 812 is divided by 811.
1
Calculate the remainder when 9158 is divided by 8.
6
What is the remainder when 876 is divided by 33?
18
What is the remainder when 108 is divided by 50?
8
Calculate the remainder when 182 is divided by 64.
54
Calculate the remainder when 42 is divided by 28.
14
Calculate the remainder when 158 is divided by 60.
38
What is the remainder when 47 is divided by 18?
11
What is the remainder when 962 is divided by 36?
26
Calculate the remainder when 207 is divided by 19.
17
What is the remainder when 225 is divided by 94?
37
What is the remainder when 192 is divided by 98?
94
Calculate the remainder when 258 is divided by 87.
84
Calculate the remainder when 714 is divided by 58.
18
Calculate the remainder when 701 is divided by 78.
77
What is the remainder when 35933 is divided by 32?
29
Calculate the remainder when 589 is divided by 251.
87
Calculate the remainder when 119 is divided by 19.
5
Calculate the remainder when 5566 is divided by 87.
85
What is the remainder when 666 is divided by 98?
78
What is the remainder when 317 is divided by 33?
20
What is the remainder when 2562 is divided by 64?
2
Calculate the remainder when 256 is divided by 67.
55
What is the remainder when 447 is divided by 7?
6
Calculate the remainder when 21486 is divided by 272.
270
Calculate the remainder when 826 is divided by 166.
162
What is the remainder when 1111 is divided by 353?
52
Calculate the remainder when 3419 is divided by 171.
170
What is the remainder when 931 is divided by 303?
22
Calculate the remainder when 20 is divided by 3.
2
What is the remainder when 608 is divided by 29?
28
Calculate the remainder when 164 is divided by 10.
4
Calculate the remainder when 544 is divided by 75.
19
What is the remainder when 118 is divided by 74?
44
Calculate the remainder when 1677 is divided by 37.
12
Calculate the remainder when 1237 is divided by 113.
107
What is the remainder when 1668 is divided by 93?
87
Calculate the remainder when 1160 is divided by 289.
4
What is the remainder when 407 is divided by 4?
3
What is the remainder when 58 is divided by 5?
3
Calculate the remainder when 107 is divided by 38.
31
Calculate the remainder when 54 is divided by 38.
16
What is the remainder when 2030 is divided by 9?
5
Calculate the remainder when 4506 is divided by 250.
6
What is the remainder when 5077 is divided by 10?
7
Calculate the remainder when 1745 is divided by 40.
25
What is the remainder when 302 is divided by 73?
10
Calculate the remainder when 383 is divided by 6.
5
Calculate the remainder when 58 is divided by 12.
10
Calculate the remainder when 286 is divided by 108.
70
What is the remainder when 26 is divided by 10?
6
What is the remainder when 1519 is divided by 38?
37
What is the remainder when 1226 is divided by 334?
224
What is the remainder when 3848 is divided by 1884?
80
Calculate the remainder when 284 is divided by 92.
8
What is the remainder when 192 is divided by 14?
10
Calculate the remainder when 1689 is divided by 130.
129
Calculate the remainder when 205 is divided by 26.
23
Calculate the remainder when 1994 is divided by 111.
107
What is the remainder when 1264 is divided by 316?
0
Calculate the remainder when 3211 is divided by 21.
19
Calculate the remainder when 323 is divided by 250.
73
Calculate the remainder when 182 is divided by 64.
54
Calculate the remainder when 1062 is divided by 107.
99
What is the remainder when 61072 is divided by 162?
160
Calculate the remainder when 1047 is divided by 150.
147
Calculate the remainder when 183 is divided by 80.
23
Calculate the remainder when 168 is divided by 80.
8
Calculate the remainder when 1005 is divided by 55.
15
What is the remainder when 508 is divided by 70?
18
What is the remainder when 145 is divided by 23?
7
What is the remainder when 167 is divided by 63?
41
Calculate the remainder when 1041 is divided by 205.
16
Calculate the remainder when 2117 is divided by 53.
50
What is the remainder when 289 is divided by 92?
13
What is the remainder when 15351 is divided by 13?
11
What is the remainder when 470 is divided by 15?
5
What is the remainder when 66 is divided by 8?
2
What is the remainder when 1969 is divided by 656?
1
Calculate the remainder when 729 is divided by 61.
58
What is the remainder when 457 is divided by 286?
171
What is the remainder when 289 is divided by 36?
1
What is the remainder when 310 is divided by 13?
11
Calculate the remainder when 217 is divided by 46.
33
Calculate the remainder when 1331 is divided by 103.
95
What is the remainder when 776 is divided by 284?
208
What is the remainder when 1900 is divided by 129?
94
What is the remainder when 273 is divided by 12?
9
Calculate the remainder when 413 is divided by 5.
3
Calculate the remainder when 612 is divided by 211.
190
What is the remainder when 31955 is divided by 340?
335
What is the remainder when 95 is divided by 35?
25
Calculate the remainder when 1665 is divided by 12.
9
Calculate the remainder when 1025 is divided by 38.
37
What is the remainder when 1554 is divided by 772?
10
What is the remainder when 390 is divided by 31?
18
What is the remainder when 2269 is divided by 227?
226
What is the remainder when 239 is divided by 160?
79
What is the remainder when 65 is divided by 60?
5
What is the remainder when 192 is divided by 70?
52
Calculate the remainder when 285 is divided by 13.
12
What is the remainder when 4040 is divided by 12?
8
Calculate the remainder when 1417 is divided by 65.
52
Calculate the remainder when 2764 is divided by 401.
358
Calculate the remainder when 1227 is divided by 123.
120
What is the remainder when 229 is divided by 86?
57
Calculate the remainder when 565 is divided by 10.
5
Calculate the remainder when 328 is divided by 13.
3
Calculate the remainder when 158 is divided by 20.
18
Calculate the remainder when 200 is divided by 21.
11
Calculate the remainder when 514 is divided by 305.
209
Calculate the remainder when 5503 is divided by 90.
13
What is the remainder when 409 is divided by 63?
31
What is the remainder when 6580 is divided by 2193?
1
What is the remainder when 133 is divided by 51?
31
What is the remainder when 527 is divided by 53?
50
What is the remainder when 576 is divided by 78?
30
Calculate the remainder when 637 is divided by 132.
109
Calculate the remainder when 158 is divided by 14.
4
Calculate the remainder when 88 is divided by 16.
8
Calculate the remainder when 160 is divided by 21.
13
What is the remainder when 89 is divided by 6?
5
Calculate the remainder when 114 is divided by 43.
28
What is the remainder when 241 is divided by 132?
109
Calculate the remainder when 244 is divided by 157.
87
What is the remainder when 197 is divided by 91?
15
What is the remainder when 3046 is divided by 122?
118
What is the remainder when 15 is divided by 1?
0
Calculate the remainder when 3583 is divided by 26.
21
What is the remainder when 7637 is divided by 38?
37
What is the remainder when 26 is divided by 6?
2
What is the remainder when 53 is divided by 35?
18
Calculate the remainder when 13 is divided by 7.
6
Calculate the remainder when 708 is divided by 105.
78
What is the remainder when 118 is divided by 34?
16
Calculate the remainder when 136 is divided by 42.
10
Calculate the remainder when 50 is divided by 38.
12
What is the remainder when 5385 is divided by 768?
9
What is the remainder when 34